5
What is the highest common factor of 21 and 8311709?
7
What is the greatest common divisor of 1311 and 621471?
57
Calculate the highest common divisor of 349 and 13712559.
349
What is the highest common divisor of 187 and 1613147?
17
What is the highest common divisor of 2770 and 141660?
10
Calculate the highest common factor of 4 and 37654260.
4
What is the greatest common factor of 228936584 and 8?
8
Calculate the highest common factor of 4789 and 208.
1
Calculate the greatest common factor of 2626531 and 115.
23
What is the greatest common factor of 186340 and 1144?
44
What is the highest common factor of 810 and 4019370?
30
Calculate the greatest common divisor of 2325 and 22887300.
2325
Calculate the highest common divisor of 44 and 429407.
11
Calculate the greatest common divisor of 164 and 181337916.
164
What is the greatest common divisor of 452 and 688118472?
452
Calculate the highest common factor of 189630304 and 64.
32
Calculate the highest common divisor of 243 and 241918785.
27
Calculate the highest common divisor of 87227 and 2941.
17
What is the greatest common factor of 19794105 and 513?
513
Calculate the highest common divisor of 2743154 and 612.
34
Calculate the greatest common factor of 385248 and 58848.
96
Calculate the greatest common factor of 1446964 and 97846.
482
What is the greatest common divisor of 3085908 and 4284?
1428
What is the greatest common divisor of 28035455 and 1295?
1295
What is the greatest common divisor of 400340 and 8600818?
1082
Calculate the greatest common divisor of 311 and 86321471.
311
What is the greatest common factor of 705442 and 332260?
74
What is the highest common divisor of 2836 and 10828?
4
What is the greatest common divisor of 13390 and 1267106?
206
What is the highest common factor of 219 and 23762303?
73
Calculate the highest common divisor of 130545 and 999405.
135
What is the greatest common divisor of 2468089 and 16?
1
What is the greatest common divisor of 50388695 and 3215?
3215
What is the greatest common factor of 80605 and 598535?
1715
What is the greatest common divisor of 19054 and 497294?
14
Calculate the greatest common divisor of 11143297 and 1342.
671
Calculate the greatest common divisor of 2156965 and 16825.
3365
What is the highest common factor of 39390 and 70962?
6
Calculate the highest common divisor of 7682769 and 2511.
81
What is the highest common factor of 552372 and 1414164?
2292
What is the highest common factor of 122996 and 47433?
97
What is the greatest common divisor of 3228 and 11343999?
807
What is the greatest common factor of 208 and 462124?
52
Calculate the highest common factor of 1119628 and 9840.
164
Calculate the highest common divisor of 48784116 and 2724.
2724
Calculate the greatest common divisor of 64827196 and 226.
226
Calculate the highest common factor of 64960 and 314440.
280
Calculate the highest common divisor of 31 and 45891439.
31
Calculate the highest common factor of 1520 and 16274944.
304
Calculate the greatest common divisor of 12481 and 325984107.
1783
What is the highest common factor of 7842483 and 8547?
1221
Calculate the greatest common divisor of 263 and 291190707.
263
What is the highest common factor of 53916280 and 4?
4
What is the greatest common factor of 97505275 and 175?
175
What is the greatest common factor of 128 and 572486?
2
What is the greatest common factor of 1312355245 and 11290?
5645
What is the greatest common factor of 294555632 and 141911?
12901
Calculate the greatest common divisor of 38836 and 319466.
266
What is the greatest common divisor of 1368 and 8954712?
72
Calculate the highest common factor of 17038 and 3787.
7
What is the highest common divisor of 161 and 22100953?
161
What is the greatest common factor of 66450867 and 42?
21
Calculate the highest common factor of 556385445 and 385.
385
Calculate the greatest common factor of 13 and 18745283.
1
What is the highest common factor of 77159 and 3537?
131
What is the greatest common factor of 4774 and 2129050?
154
What is the greatest common divisor of 56347165 and 19160?
2395
What is the greatest common factor of 22352 and 19376?
16
Calculate the greatest common divisor of 35129999 and 604.
151
Calculate the highest common divisor of 250428 and 2854981.
509
Calculate the highest common factor of 3606526 and 15246.
1694
Calculate the greatest common divisor of 2134067 and 117.
13
What is the highest common factor of 9091 and 1754?
1
Calculate the highest common divisor of 625 and 17458250.
125
Calculate the greatest common factor of 6100577 and 399.
133
Calculate the greatest common factor of 290 and 269426878.
58
What is the greatest common divisor of 2885383 and 25757?
599
What is the greatest common divisor of 28289341 and 130157?
5659
Calculate the highest common factor of 898 and 9610396.
898
What is the highest common divisor of 287802 and 103014?
1062
Calculate the greatest common factor of 22287 and 1050073.
323
What is the greatest common divisor of 336068444 and 612?
68
Calculate the greatest common divisor of 2564 and 118808709.
641
Calculate the highest common factor of 4 and 5057638.
2
Calculate the highest common factor of 430 and 4538908.
86
What is the highest common divisor of 30860570 and 13?
13
Calculate the highest common factor of 17091407 and 183.
61
What is the highest common divisor of 45 and 9479493?
9
What is the highest common divisor of 1373051125 and 5750?
2875
What is the greatest common factor of 6704 and 1387?
1
Calculate the highest common factor of 12123 and 123125229.
4041
Calculate the greatest common divisor of 152 and 11822731.
19
What is the highest common divisor of 343587 and 10761?
51
What is the greatest common factor of 1180866 and 1014?
6
Calculate the greatest common divisor of 12 and 35666052.
12
What is the highest common divisor of 9270 and 499917195?
4635
What is the greatest common factor of 15 and 49802?
1
What is the greatest common divisor of 5 and 200573305?
5
What is the highest common divisor of 64 and 5944840?
8
What is the greatest common divisor of 14511 and 62706?
21
Calculate the greatest common divisor of 294 and 187314750.
294
What is the highest common divisor of 62 and 59399534?
62
Calculate the greatest common divisor of 31289225 and 275.
275
Calculate the highest common divisor of 3051 and 159.
3
What is the greatest common factor of 38282769 and 329?
329
Calculate the highest common divisor of 824362204 and 1308.
436
What is the highest common divisor of 690 and 2650800?
30
What is the highest common factor of 838808 and 52?
4
What is the greatest common factor of 10220 and 1154160?
140
What is the highest common divisor of 96598 and 4?
2
Calculate the greatest common divisor of 40241083 and 1193.
1193
Calculate the highest common factor of 6748 and 167977.
241
What is the highest common divisor of 14532 and 1387287?
519
Calculate the greatest common factor of 12106347 and 352.
11
What is the greatest common factor of 5780 and 419917?
289
Calculate the highest common divisor of 40128 and 8785524.
2508
Calculate the highest common divisor of 144427484 and 632.
316
Calculate the highest common divisor of 7097523 and 1593.
177
Calculate the highest common divisor of 73873398 and 1173.
51
What is the highest common divisor of 5804828 and 83764?
172
Calculate the highest common divisor of 3214 and 97443659.
1607
Calculate the highest common factor of 101 and 298224821.
101
Calculate the highest common factor of 2091 and 136489.
41
Calculate the highest common factor of 24 and 5746758.
6
What is the greatest common divisor of 99 and 480051?
99
What is the greatest common divisor of 112274 and 3650?
146
Calculate the highest common factor of 1513 and 249169.
17
Calculate the greatest common factor of 22202537 and 2289.
763
What is the greatest common divisor of 864 and 180522?
54
What is the greatest common divisor of 3223108 and 1145756?
10708
What is the highest common factor of 105 and 15615915?
105
Calculate the greatest common factor of 2531236 and 5.
1
What is the greatest common divisor of 11916891 and 13446?
747
What is the highest common divisor of 38821672 and 2232?
248
Calculate the greatest common divisor of 450 and 137363400.
450
What is the highest common factor 